{"id":11533,"date":"2012-12-27T15:56:17","date_gmt":"2012-12-27T14:56:17","guid":{"rendered":"http:\/\/www.frenchcourses-paris.com\/images\/2012\/12\/exposition-fashioning-fashion1.jpg"},"modified":"2020-08-03T09:44:08","modified_gmt":"2020-08-03T07:44:08","slug":"exposition-fashioning-fashion-2-2","status":"inherit","type":"attachment","link":"https:\/\/www.frenchcourses-paris.com\/fr\/news-fr\/fashioning-fashion-au-musee-des-arts-decoratifs\/attachment\/exposition-fashioning-fashion-2-2\/","title":{"rendered":"exposition fashioning fashion"},"author":3,"featured_media":0,"comment_status":"closed","ping_status":"open","template":"","meta":{"_uag_custom_page_level_css":"","_lmt_disableupdate":"","_lmt_disable":"","site-sidebar-layout":"default","site-content-layout":"","ast-site-content-layout":"default","site-content-style":"default","site-sidebar-style":"default","ast-global-header-display":"","ast-banner-title-visibility":"","ast-main-header-display":"","ast-hfb-above-header-display":"","ast-hfb-below-header-display":"","ast-hfb-mobile-header-display":"","site-post-title":"","ast-breadcrumbs-content":"","ast-featured-img":"","footer-sml-layout":"","ast-disable-related-posts":"","theme-transparent-header-meta":"","adv-header-id-meta":"","stick-header-meta":"","header-above-stick-meta":"","header-main-stick-meta":"","header-below-stick-meta":"","astra-migrate-meta-layouts":"default","ast-page-background-enabled":"default","ast-page-background-meta":{"desktop":{"background-color":"var(--ast-global-color-4)","background-image":"","background-repeat":"repeat","background-position":"center center","background-size":"auto","background-attachment":"scroll","background-type":"","background-media":"","overlay-type":"","overlay-color":"","overlay-opacity":"","overlay-gradient":""},"tablet":{"background-color":"","background-image":"","background-repeat":"repeat","background-position":"center center","background-size":"auto","background-attachment":"scroll","background-type":"","background-media":"","overlay-type":"","overlay-color":"","overlay-opacity":"","overlay-gradient":""},"mobile":{"background-color":"","background-image":"","background-repeat":"repeat","background-position":"center center","background-size":"auto","background-attachment":"scroll","background-type":"","background-media":"","overlay-type":"","overlay-color":"","overlay-opacity":"","overlay-gradient":""}},"ast-content-background-meta":{"desktop":{"background-color":"var(--ast-global-color-5)","background-image":"","background-repeat":"repeat","background-position":"center center","background-size":"auto","background-attachment":"scroll","background-type":"","background-media":"","overlay-type":"","overlay-color":"","overlay-opacity":"","overlay-gradient":""},"tablet":{"background-color":"var(--ast-global-color-5)","background-image":"","background-repeat":"repeat","background-position":"center center","background-size":"auto","background-attachment":"scroll","background-type":"","background-media":"","overlay-type":"","overlay-color":"","overlay-opacity":"","overlay-gradient":""},"mobile":{"background-color":"var(--ast-global-color-5)","background-image":"","background-repeat":"repeat","background-position":"center center","background-size":"auto","background-attachment":"scroll","background-type":"","background-media":"","overlay-type":"","overlay-color":"","overlay-opacity":"","overlay-gradient":""}}},"class_list":["post-11533","attachment","type-attachment","status-inherit","hentry"],"aioseo_notices":[],"description":{"rendered":"<p class=\"attachment\"><a href='https:\/\/www.frenchcourses-paris.com\/images\/2012\/12\/exposition-fashioning-fashion.jpg'><img decoding=\"async\" width=\"300\" height=\"102\" src=\"https:\/\/www.frenchcourses-paris.com\/images\/2012\/12\/exposition-fashioning-fashion-300x102.jpg\" class=\"attachment-medium size-medium\" alt=\"D\u00e9tail de robe \u00e0 la fran\u00e7aise\" srcset=\"https:\/\/www.frenchcourses-paris.com\/images\/2012\/12\/exposition-fashioning-fashion-300x102.jpg 300w, https:\/\/www.frenchcourses-paris.com\/images\/2012\/12\/exposition-fashioning-fashion-600x204.jpg 600w, https:\/\/www.frenchcourses-paris.com\/images\/2012\/12\/exposition-fashioning-fashion.jpg 750w\" sizes=\"(max-width: 300px) 100vw, 300px\" \/><\/a><\/p>\n<p>D\u00e9tail de robe \u00e0 la fran\u00e7aise<\/p>\n"},"caption":{"rendered":"<p>D\u00e9tail de robe \u00e0 la fran\u00e7aise, Europe, vers 1725<\/p>\n"},"alt_text":"D\u00e9tail de robe \u00e0 la fran\u00e7aise","media_type":"image","mime_type":"image\/jpeg","media_details":{"width":750,"height":255,"file":"2012\/12\/exposition-fashioning-fashion.jpg","sizes":{"woocommerce_thumbnail":{"file":"exposition-fashioning-fashion-300x255.jpg","width":300,"height":255,"uncropped":true,"mime_type":"image\/jpeg","source_url":"https:\/\/www.frenchcourses-paris.com\/images\/2012\/12\/exposition-fashioning-fashion-300x255.jpg"},"woocommerce_gallery_thumbnail":{"file":"exposition-fashioning-fashion-100x100.jpg","width":100,"height":100,"mime_type":"image\/jpeg","source_url":"https:\/\/www.frenchcourses-paris.com\/images\/2012\/12\/exposition-fashioning-fashion-100x100.jpg"},"woocommerce_single":{"file":"exposition-fashioning-fashion-600x204.jpg","width":600,"height":204,"mime_type":"image\/jpeg","source_url":"https:\/\/www.frenchcourses-paris.com\/images\/2012\/12\/exposition-fashioning-fashion-600x204.jpg"},"thumbnail":{"file":"exposition-fashioning-fashion-150x150.jpg","width":"150","height":"150","source_url":"https:\/\/www.frenchcourses-paris.com\/images\/2012\/12\/exposition-fashioning-fashion-150x150.jpg"},"medium":{"file":"exposition-fashioning-fashion-300x102.jpg","width":"300","height":"102","source_url":"https:\/\/www.frenchcourses-paris.com\/images\/2012\/12\/exposition-fashioning-fashion-300x102.jpg"},"full":{"file":"exposition-fashioning-fashion.jpg","width":750,"height":255,"mime_type":"image\/jpeg","source_url":"https:\/\/www.frenchcourses-paris.com\/images\/2012\/12\/exposition-fashioning-fashion.jpg"}},"image_meta":{"aperture":"0","credit":"","camera":"","caption":"","created_timestamp":"0","copyright":"","focal_length":"0","iso":"0","shutter_speed":"0","title":"","orientation":"0","keywords":[]},"url":"exposition-fashioning-fashion.jpg","ShortPixel":{"WaitingProcessing":true}},"post":2317,"source_url":"https:\/\/www.frenchcourses-paris.com\/images\/2012\/12\/exposition-fashioning-fashion.jpg"}

<p class="attachment"><a href='https://www.frenchcourses-paris.com/images/2012/12/exposition-fashioning-fashion.jpg'><img decoding="async" width="300" height="102" src="https://www.frenchcourses-paris.com/images/2012/12/exposition-fashioning-fashion-300x102.jpg" class="attachment-medium size-medium" alt="Détail de robe à la française" srcset="https://www.frenchcourses-paris.com/images/2012/12/exposition-fashioning-fashion-300x102.jpg 300w, https://www.frenchcourses-paris.com/images/2012/12/exposition-fashioning-fashion-600x204.jpg 600w, https://www.frenchcourses-paris.com/images/2012/12/exposition-fashioning-fashion.jpg 750w" sizes="(max-width: 300px) 100vw, 300px" /></a></p>
<p>Détail de robe à la française</p>

<p>Détail de robe à la française, Europe, vers 1725</p>

Détail de robe à la française
